8492.
138
What is the greatest common divisor of 9702 and 23331?
231
What is the greatest common divisor of 121 and 1907807?
121
Calculate the highest common factor of 1139 and 799.
17
Calculate the greatest common factor of 4067 and 1827.
7
What is the greatest common divisor of 134 and 9326?
2
Calculate the greatest common divisor of 12207 and 88266.
939
Calculate the greatest common divisor of 2159 and 21624.
17
What is the highest common factor of 14412 and 60?
12
What is the highest common factor of 119 and 41531?
119
Calculate the greatest common divisor of 696 and 455088.
24
What is the greatest common factor of 4316 and 1092?
52
Calculate the highest common divisor of 65 and 822627.
13
Calculate the greatest common factor of 39 and 1951391.
13
Calculate the greatest common factor of 7690 and 90.
10
What is the greatest common factor of 6219 and 1382?
691
Calculate the greatest common divisor of 18011 and 415.
83
Calculate the highest common divisor of 99086 and 148.
74
Calculate the highest common divisor of 145258 and 13924.
118
Calculate the highest common factor of 7414 and 4.
2
Calculate the highest common divisor of 710 and 2690.
10
Calculate the highest common divisor of 639 and 118925.
71
What is the greatest common factor of 12075 and 69?
69
Calculate the greatest common factor of 152 and 182514.
38
Calculate the highest common factor of 372 and 4332.
12
What is the highest common factor of 23437 and 1909?
23
Calculate the highest common factor of 680 and 160.
40
What is the highest common divisor of 21655548 and 36?
36
What is the greatest common divisor of 86030 and 30?
10
What is the highest common factor of 1350 and 11682225?
675
What is the greatest common factor of 162 and 22482?
18
What is the highest common divisor of 130 and 64790?
10
What is the highest common divisor of 399996 and 18?
18
What is the highest common divisor of 364 and 44884?
28
Calculate the highest common divisor of 273010 and 3105.
115
Calculate the greatest common divisor of 7725 and 6425.
25
What is the greatest common divisor of 10538 and 4?
2
Calculate the highest common divisor of 83952 and 318.
318
Calculate the highest common factor of 30 and 1096206.
6
Calculate the highest common divisor of 19366 and 28750.
46
What is the highest common divisor of 3584 and 3024?
112
What is the greatest common divisor of 1467 and 981?
9
What is the greatest common divisor of 221750 and 250?
250
Calculate the highest common divisor of 729 and 436185.
243
What is the highest common divisor of 59270 and 2410?
10
Calculate the greatest common factor of 10191 and 9.
3
What is the greatest common factor of 90862 and 4016?
502
What is the greatest common factor of 1796 and 279278?
898
What is the highest common factor of 71 and 5671409?
71
What is the greatest common divisor of 114003 and 1431?
477
Calculate the greatest common factor of 13906 and 221.
17
What is the greatest common factor of 144598 and 394?
394
Calculate the greatest common factor of 30512 and 16.
16
Calculate the greatest common factor of 2048 and 16672.
32
What is the greatest common divisor of 891 and 6963?
33
Calculate the highest common factor of 3219 and 3663.
111
Calculate the highest common factor of 846 and 1278.
18
Calculate the greatest common factor of 59670 and 2457.
351
What is the greatest common factor of 905616 and 16?
16
What is the highest common factor of 2561224 and 16?
8
What is the highest common divisor of 6 and 30579?
3
What is the highest common factor of 12463 and 2178?
121
What is the greatest common factor of 1899 and 342?
9
What is the greatest common factor of 592 and 8648?
8
What is the highest common divisor of 630 and 10170?
90
Calculate the greatest common factor of 524 and 14.
2
What is the greatest common factor of 3435 and 19215?
15
Calculate the highest common divisor of 2580 and 2640.
60
What is the greatest common divisor of 241413 and 6?
3
Calculate the greatest common factor of 11659 and 655.
131
Calculate the highest common factor of 446138 and 770.
154
Calculate the greatest common factor of 122454 and 882.
18
Calculate the highest common factor of 1020 and 79965.
15
Calculate the greatest common divisor of 1348 and 991454.
674
Calculate the greatest common divisor of 759 and 178986.
69
What is the greatest common divisor of 41562 and 2682?
18
What is the highest common factor of 32508 and 700?
28
Calculate the highest common divisor of 45204 and 42.
6
Calculate the highest common divisor of 2380 and 105.
35
Calculate the greatest common divisor of 9074 and 208.
26
What is the highest common divisor of 9 and 315207?
9
Calculate the highest common divisor of 1054257 and 141.
141
Calculate the highest common divisor of 4076 and 268.
4
What is the greatest common factor of 411060 and 100?
20
Calculate the greatest common divisor of 299 and 25829.
23
Calculate the highest common divisor of 96073 and 2012.
503
What is the greatest common factor of 7087 and 1865?
373
What is the highest common divisor of 488 and 10919?
61
What is the highest common divisor of 325 and 204230?
65
What is the highest common divisor of 21900 and 1200?
300
What is the highest common factor of 5 and 549310?
5
What is the greatest common divisor of 1144 and 4664?
88
What is the greatest common factor of 530602 and 2154?
718
What is the greatest common divisor of 12616 and 32536?
664
Calculate the highest common factor of 1056474 and 72.
18
What is the highest common factor of 108 and 14052?
12
What is the greatest common divisor of 2025 and 825?
75
Calculate the highest common divisor of 254134 and 1796.
898
Calculate the highest common divisor of 14632 and 583864.
472
What is the highest common factor of 193112 and 56?
8
Calculate the highest common divisor of 7597 and 1605.
107
Calculate the highest common factor of 25 and 49255.
5
What is the highest common divisor of 15756 and 304212?
1212
Calculate the greatest common divisor of 2100 and 88725.
525
Calculate the highest common divisor of 874 and 50738.
46
What is the highest common divisor of 66051 and 82?
41
What is the greatest common divisor of 419716 and 44?
44
What is the greatest common divisor of 91 and 58149?
91
Calculate the greatest common factor of 34827 and 1235.
247
Calculate the greatest common factor of 279 and 130284.
9
Calculate the greatest common factor of 4914 and 864.
54
Calculate the greatest common factor of 1499 and 11357923.
1499
Calculate the greatest common factor of 48379 and 202.
101
What is the greatest common factor of 16950 and 8701?
113
Calculate the greatest common divisor of 1620 and 131940.
180
What is the highest common divisor of 373945 and 715?
715
What is the greatest common divisor of 6720 and 301?
7
Calculate the highest common divisor of 252 and 37674.
126
What is the highest common divisor of 224 and 8248?
8
Calculate the greatest common divisor of 806648 and 118.
118
What is the greatest common factor of 31 and 668?
1
Calculate the greatest common divisor of 7 and 449981.
7
What is the greatest common divisor of 633 and 715501?
211
Calculate the highest common factor of 11730 and 3162.
102
What is the highest common factor of 56 and 533036?
28
Calculate the highest common divisor of 310 and 81390.
10
Calculate the highest common factor of 19012 and 3724.
196
Calculate the greatest common factor of 2552 and 286.
22
Calculate the greatest common factor of 22 and 1053118.
22
Calculate the greatest common factor of 418869 and 264.
33
Calculate the highest common divisor of 118 and 1010847.
59
Calculate the highest common factor of 30033 and 27.
9
What is the highest common factor of 779 and 1805?
19
What is the highest common factor of 18 and 2430174?
6
What is the greatest common divisor of 352 and 1661?
11
What is the highest common factor of 4682 and 30?
2
Calculate the greatest common factor of 13686870 and 141.
141
Calculate the highest common factor of 1605660 and 240.
60
Calculate the greatest common divisor of 14 and 136864.
14
What is the greatest common divisor of 32718 and 6118?
266
What is the greatest common factor of 324099 and 9?
9
Calculate the greatest common divisor of 125447 and 217.
7
What is the highest common factor of 40 and 326560?
40
Calculate the highest co